4) - 4)
-10
-18 + (-17 - -8 - (-7 - 0))
-20
What is the value of (37 - 17) + -36 - -37?
21
What is 6 - (-12 + -15 + 17)?
16
What is (31 - 26) + -17 + 2?
-10
What is 1 + 0 + (-2 + 11 - (3 - -5))?
2
What is (-41 - -38) + (-1 - (6 - -3)) + 0?
-13
Evaluate 4 + 19 + 3 + -42.
-16
Calculate 22 + -12 - (-9 + 22) - (-5 - 9).
11
(1 - (15 + -5)) + 7 + 3
1
Calculate -3 + -10 - (0 - -9 - 20).
-2
-35 + -29 + 60 + (-8 - -2) + 0
-10
What is (-2 - -10) + (-19 - 1) + 2 + 4?
-6
(0 - 1 - -9) + (-41 - -36) + 0
3
What is the value of (-3 - 6) + (-13 + 22 - 18)?
-18
Evaluate (6 - (8 - 9)) + -15 + 6.
-2
What is the value of 0 + 12 - (-32 - -90) - (-6 - 3)?
-37
What is the value of (4 - (-3 + (11 - (15 - 9)))) + -27?
-25
What is 29 - 8 - 1 - 12?
8
Calculate (6 - (9 - 4 - -6)) + -4.
-9
What is the value of 2 + -10 + -2 - (1718 + -1717)?
-11
Calculate -56 + 73 - (7 - 1) - 23.
-12
Calculate (-13 - -1) + 22 + -16.
-6
Evaluate (-44 - (-25 - 6)) + -1 + 0 + -2.
-16
Evaluate (14 - (36 + -9)) + -15 + 7.
-21
Evaluate -52 + 46 + (12 - 0).
6
What is 10 + -5 + (1 - -1) - (91 - 76)?
-8
What is 10 + -36 - -10 - -22 - 16?
-10
What is 1 - (-1 - (-4 + 5 - 1))?
2
Calculate -14 + 24 + -16 + (-4 + 4 - -23).
17
What is the value of (-4 - -1 - -15) + -3 + 3 + -6?
6
Evaluate 15 + 0 - (3 - 5 - -21).
-4
-2 - -1 - (11 - 12) - -5
5
Evaluate -1 + -6 + (-51 + 54 - (-14 - 0)).
10
What is -1 + 1 + -115 + 104 + -16?
-27
What is (-50 - -3) + (95 - 73)?
-25
(1 + -2 - (6 + -13)) + (-12 - -2)
-4
Calculate -4 - (3 - (1 - -52)) - 17.
29
Calculate 17 - 28 - (-21 - -3).
7
Evaluate -11 - (2 - (-3 + 13)) - (5 + 1).
-9
Calculate (1 - (1 + -1)) + 951 + -949.
3
What is the value of -2 + 12 - 8 - (2 - (11 - 0))?
11
What is -21 + (19 - -25) + -19?
4
What is -11 - (14 + -14) - -32?
21
(-3 + 1 - 0) + -1642 + 1636
-8
-8 + (-22 + 9 - -7) + 9
-5
What is the value of 10 + -1 - (33 - (15 + 22)) - 3?
10
Calculate (-162 - -157 - (0 + 9)) + 19.
5
What is -4 + -7 + (0 - (-1 - 5)) - 9?
-14
What is the value of 4 + (5 - 7 - (-1 - 16))?
19
What is the value of -31 + 3 - (-44 - -29)?
-13
What is -7 - (-30 - (-24 - -17))?
16
Calculate (-6 - 5) + 1 - 0.
-10
Evaluate 9 - ((32 - -19) + -35).
-7
Evaluate 0 + -2 - (3 + (-6 - 2) + 12).
-9
Calculate (14 - -4) + -13 + (-19 - -2).
-12
(26 - 21 - (22 + -1)) + -1 - -7
-10
Calculate -8 - (((-4 - -5) + 5 - 4) + -19).
9
What is the value of -5 - (-5 - -6) - -5?
-1
What is -1 - (15 - (-1 + (-1 - -2) + 6))?
-10
Evaluate (13 - 21) + -3 + 15 - (0 + 10).
-6
What is the value of -25 + (36 - 3) + 12?
20
What is the value of 15 + -35 + (-27 - -21)?
-26
What is the value of (22 - ((30 - 18) + 0)) + 7?
17
What is the value of -2 + -2 + (270 - 278)?
-12
Calculate 15 - (-523 - -534 - (0 + 16)).
20
What is 5 + 1 + (0 - -4) + (3 - 20)?
-7
Calculate 6 + -28 + (9 - -6).
-7
What is 10 - (-5 - (3 + -13))?
5
10 - (15 + -3) - (-4 + -7 - -2)
7
-11 + 6 + (-8 - (-3 + -8))
-2
8 + -10 + 9 + -5
2
What is the value of -5 + -6 + -4 - (-128 + 117)?
-4
What is (-5 - -3) + -2 + (-14 - -12)?
-6
40 - (41 + -59 + 45)
13
Evaluate 13 - 15 - (13 + (-33 - -4)).
14
What is the value of (2 - 0) + 9 - (-25 - -35)?
1
Evaluate -3 + -34 - (144 - 203).
22
What is the value of 2 + (-35 - -22 - -14 - (0 - 1))?
4
What is the value of (5 - -6) + (-1 - (-1 + 2)) + -3?
6
9 + (-2 - -2 - -1) + (14 - 10)
14
Calculate -1 + -6 - (-18 - (14 + -22 - -13)).
16
Evaluate -38 - (-42 - (-23 + -2)).
-21
Calculate (9 - 3) + (23 - 27).
2
-7 + (18 - 1) + (10 + -8 - 37)
-25
What is the value of 5 + (0 + -2 + -1 - -15) + -4?
13
What is the value of -2 + 21 + (-50 - -36)?
5
What is the value of 236 + -239 + (2 - 4) + -2 + 10?
3
Calculate 3 + -8 + 0 + 5 + 3 + 1.
4
What is the value of (9 - -10) + -9 + -4?
6
2 + 4 + -3 + 14 + (6 - 11)
12
Evaluate (-1 - 1) + (-29 + 35 - 1).
3
51 + (18 - 31) + (1 - 0) + -10
29
Calculate (1 - 1) + (-106 - (6 + -110)).
-2
8 - (-7 - (-11 - -5)) - (23 - -1)
-15
What is the value of 11 + 5 + (8 - 21) - 13?
-10
Evaluate (-5 - -2) + -25 + 10 + 1.
-17
Calculate 405 + -416 - (-28 - -1).
16
What is -35 + (15 - (-14 + 6) - 17)?
-29
Calculate -1 + 8 - (-4 + 2 - -8 - 0).
1
Calculate (6 + -6 - -9) + (-33 - (27 - 48)).
-3
Calculate (64 - 39) + -62 + 62.
25
What is the value of -39 + 53 + (9 - 1)?
22
What is the value of 8 - (5 + 6 + 5)?
-8
What is -8 - (-4 - ((-4 - 2) + -3) - 7)?
-6
(10 - 2) + (57 - (19 - -74))
-28
Evaluate -12 + -19 + 79 + -73.
-25
(0 - -20) + (1 - (-37 + 19 - -14))
25
Evaluate 3 - (-8 + -17 - -23).
5
Evaluate (6 - (0 - -2) - (-42 + 42)) + -14.
-10
6 + -2 + -9 + (-19 - -9)
-15
Evaluate -31 + (-14 - (-6 - 11)) - 11.
-39
What is -7 - (9 + 2 + -12) - -20?
14
What is 222 + -238 + (2 - -2)?
-12
Calculate -14 - (9 - (-7 - -23)).
-7
Evaluate 7 - (32 + (11 - 12)).
-24
-35 - (-42 - -26 - 4)
-15
What is -9 + 3 + 17 + 2 + (2 - 3)?
12
What is the value of 13 - -8 - ((1 + 0 - -3) + 1)?
16
Evaluate 2 + 0 + 7 - ((-2 - -2) + -2).
11
What is the value of -13 + 2 + -4 - -5?
-10
What is 39 + 36 + -29 + -31?
15
-1 - ((21 - 9) + -5)
-8
Calculate -8 + (8 - (-15 - 3)).
18
Evaluate 10 - (14 + -1 - -12).
-15
Evaluate (-19 - -8) + (28 - (4 - -6)).
7
What is 13 - (-8 - -9) - (3 + (1 - 9))?
17
What is (10 - 13) + 10 + (8 - (-1 - -4))?
12
(1 - 4) + 1 + (-17 - -31) + -7
5
What is the value of -5 + 29 + -1 + -129 + 115?
9
Evaluate 8 - (-33 + 2 + (17 - 6) + -4).
32
Evaluate (-34 + (9 - 16 - -12) - -4) + 10.
-15
What is 32 - (31 + -26 - -3) - (-1 + -6)?
31
What is 13 + -6 + (-4 - 4) + 3 + -7?
-5
What is the value of -1 - -26 - (33 + 4 + -39)?
27
-8 + 11 - (86 + -53)
-30
Evaluate (14 + -20 - -29) + -12.
11
Calculate -12 + 17 + -51 + 25.
-21
What is (-18 - -35) + -11 + -23?
-17
Calculate (-27 + 98 - 42) + -53.
-24
-2 + -5 - (-2 + 3 + -6 + 2)
-4
-7 + (-14 - -17) + 5
1
0 + 1 - (-1 + 0 - -18) - -5
-11
What is the value of 10 - (7 - (-9 + 10 + 3))?
7
Evaluate 182 + -174 + (-18 - -1).
-9
35 + (-13 - -8) - ((-12 - -12) + 6)
24
Calculate 1 - ((-3 + -1 + 8 - -12) + -2).
-13
Calculate (-1 + 0 - -22) + 193 + -205.
9
20 - ((23 - 19) + -10)
26
32 + -7 + (-13 - (-7 + -6))
25
What is -8 - ((1 - 6) + -9)?
6
Calculate -23 + (21 - 7) + (8 - 2).
-3
11 + -2 - ((-15 - -12) + 36 - 21)
-3
What is -5 + 2 + (-10 - 1)?
-14
What is the value of -30 - (-15 + 7) - (-1 + (-1 - 4))?
-16
(26 - (1 - -18)) + -17 + -1
-11
162 + -154 + (3 - 31)
-20
What is (-9 - -37) + -27 + 1?
2
Evaluate 32 - (4 - -3) - (-5 - -13).
17
What is the value of 0 + -16 + (8 - -1) + 17 + -1?
9
Calculate (10 - 15) + 0 + 2.
-3
Evaluate 5 + (-24 - (2 - 6)) - -8.
-7
What is -1 - -8 - (6 - ((-10 - 16) + 15))?
-10
What is -9 + (-38 - -36 - 13)?
-24
What is the value of -20 - 19 - ((-4 - (-12 - -4)) + -14)?
-29
What is (-8 - (-6 + 2)) + -2 + 17 + 3?
14
What is 33 + (-1 - (47 + -25))?
10
What is the value of 16 + (23 - -19) + -74?
-16
Calculate -1 + -17 - (65 + -93).
10
What is -5 - (-2 - 13) - 12?
-2
Evaluate (64 - (-11 + 40)) + -37.
-2
Calculate 0 + (-28 - (-10 - 18)).
0
What is 13 + 6 + -11 + 19 + -11?
16
What is the value of (-15 + 14 - (2 + (-7 - -1))) + 0?
3
-20 + 24 + -10 - (-6 - 5)
5
Calculate -42 - (-69 - 5 - -41).
-9
Calculate -15 - (-1 - -9 - (-3 + 14)).
-12
What is the value of (-6 - -45) + (-31 - -22)?
30
(26 - (9 - (-10 - -18) - 0)) + -7
18
Calculate (-1 - -1) + -21 + 5 + 7 + 2.
-7
Calculate -7 + (3 - 16 - -9).
-11
(-23 - (-64 + 38)) + -30
-27
Evaluate 71 - 93 - (-20 + 2).
-4
What is -14 + 13 - (-1 + (1 - 4))?
3
-6 - ((29 - 17) + -4)
-14
Evaluate 18 + -12 + (1 - -6) + -5.
8
What is (0 - -8) + 0 - (-18 + -5 + 5)?
26
What is 12 + (-4 - 9) + 12?
11
What is the value of -29 - (1 + 3 - (32 - 9 - 13))?
-23
Evaluate -61 - (-38 - -16) - -24.
-15
What is the value of 61 + -42 + 0 + -8?
11
Calculate (-9 + -16 - -18) + (5 - (-1 - 0)).
-1
Calculate 28 - 25 - (-1 - -2 - -6) - 5.
-9
10 + (-1 - (-9 - (-10 - -4)))
12
Calculate 11 + (17 - 6) + -14 + 1 + 5.
14
Evaluate -547 + 529 - (-2 - 14).
-2
Calculate -2 - 1 - (39 - 41).
-1
What is the value of 22 + 0 + -26 + 1 + 3 - 3?
-3
What is the value of (-16 - 0 - 2) + 6?
-12
Evaluate 22 + (-10 - -31) + -25.
18
Evaluate -2 + 12 + -11 + -12 + -1.
-14
What is the value of -109 + 100 + (18 - -5)?
14
Evaluate 14 + -2 + -8 + -26.
-22
(-15 + 3 - -3) + (-30 - (-32 + 7))
-14
0 + -10 + (13 - (22 + (-1 - 0)))
-18
What is the value of 1 + 1 + 7 - (1514 - 1493)?
-12
What is the value of (-2 + -8 